{"id":6,"date":"2022-11-22T18:09:46","date_gmt":"2022-11-22T18:09:46","guid":{"rendered":"https:\/\/maxwellcremona.com\/?page_id=6"},"modified":"2022-11-22T21:24:49","modified_gmt":"2022-11-22T21:24:49","slug":"consultores-sanitarios","status":"publish","type":"page","link":"https:\/\/maxwellcremona.com\/","title":{"rendered":"Consultores sanitarios"},"content":{"rendered":"\t\t<div data-elementor-type=\"wp-page\" data-elementor-id=\"6\" class=\"elementor elementor-6\">\n\t\t\t\t\t\t\t\t\t<section class=\"elementor-section elementor-top-section elementor-element elementor-element-793f3f8a elementor-section-content-middle elementor-section-full_width elementor-section-height-default elementor-section-height-default\" data-id=\"793f3f8a\" data-element_type=\"section\" data-settings=\"{&quot;background_background&quot;:&quot;classic&quot;}\">\n\t\t\t\t\t\t\t<div class=\"elementor-background-overlay\"><\/div>\n\t\t\t\t\t\t\t<div class=\"elementor-container elementor-column-gap-no\">\n\t\t\t\t\t<div class=\"elementor-column elementor-col-50 elementor-top-column elementor-element elementor-element-65a52711\" data-id=\"65a52711\" data-element_type=\"column\">\n\t\t\t<div class=\"elementor-widget-wrap elementor-element-populated\">\n\t\t\t\t\t\t\t\t<div class=\"elementor-element elementor-element-1c8b2f9c elementor-widget elementor-widget-image\" data-id=\"1c8b2f9c\" data-element_type=\"widget\" data-widget_type=\"image.default\">\n\t\t\t\t<div class=\"elementor-widget-container\">\n\t\t\t<style>\/*! elementor - v3.13.3 - 28-05-2023 *\/\n.elementor-widget-image{text-align:center}.elementor-widget-image a{display:inline-block}.elementor-widget-image a img[src$=\".svg\"]{width:48px}.elementor-widget-image img{vertical-align:middle;display:inline-block}<\/style>\t\t\t\t\t\t\t\t\t\t\t\t<img loading=\"lazy\" decoding=\"async\" width=\"400\" height=\"400\" src=\"https:\/\/maxwellcremona.com\/wp-content\/uploads\/2022\/11\/logowebMC.jpg\" class=\"attachment-full size-full wp-image-2405\" alt=\"consultores asesores eficiencia sanitaria\" srcset=\"https:\/\/maxwellcremona.com\/wp-content\/uploads\/2022\/11\/logowebMC.jpg 400w, https:\/\/maxwellcremona.com\/wp-content\/uploads\/2022\/11\/logowebMC-300x300.jpg 300w, https:\/\/maxwellcremona.com\/wp-content\/uploads\/2022\/11\/logowebMC-150x150.jpg 150w\" sizes=\"auto, (max-width: 400px) 100vw, 400px\" \/>\t\t\t\t\t\t\t\t\t\t\t\t\t\t\t<\/div>\n\t\t\t\t<\/div>\n\t\t\t\t<div class=\"elementor-element elementor-element-499823be elementor-widget elementor-widget-text-editor\" data-id=\"499823be\" data-element_type=\"widget\" data-widget_type=\"text-editor.default\">\n\t\t\t\t<div class=\"elementor-widget-container\">\n\t\t\t<style>\/*! elementor - v3.13.3 - 28-05-2023 *\/\n.elementor-widget-text-editor.elementor-drop-cap-view-stacked .elementor-drop-cap{background-color:#69727d;color:#fff}.elementor-widget-text-editor.elementor-drop-cap-view-framed .elementor-drop-cap{color:#69727d;border:3px solid;background-color:transparent}.elementor-widget-text-editor:not(.elementor-drop-cap-view-default) .elementor-drop-cap{margin-top:8px}.elementor-widget-text-editor:not(.elementor-drop-cap-view-default) .elementor-drop-cap-letter{width:1em;height:1em}.elementor-widget-text-editor .elementor-drop-cap{float:left;text-align:center;line-height:1;font-size:50px}.elementor-widget-text-editor .elementor-drop-cap-letter{display:inline-block}<\/style>\t\t\t\t<div dir=\"ltr\"><strong>Estrategia Sanitaria:<\/strong> Consultor\u00eda estrat\u00e9gica sanitaria tanto en el \u00e1mbito privado como p\u00fablico<\/div><div dir=\"ltr\">\u00a0<\/div><div dir=\"ltr\"><strong>Sistemas de Gesti\u00f3n:<\/strong> Consultor\u00eda de sistemas de gesti\u00f3n para organizaciones y administraci\u00f3n p\u00fablica<\/div><div dir=\"ltr\">\u00a0<\/div><div dir=\"ltr\"><strong>Fomento del Medioambiente:<\/strong> Auditor\u00edas de Eficiencia Energ\u00e9tica seg\u00fan el RD 56\/2016, C\u00e1lculo de la huella de carbono\u00a0 e Informes ambientales.<\/div>\t\t\t\t\t\t<\/div>\n\t\t\t\t<\/div>\n\t\t\t\t\t<\/div>\n\t\t<\/div>\n\t\t\t\t<div class=\"elementor-column elementor-col-50 elementor-top-column elementor-element elementor-element-3be2092\" data-id=\"3be2092\" data-element_type=\"column\">\n\t\t\t<div class=\"elementor-widget-wrap elementor-element-populated\">\n\t\t\t\t\t\t\t\t<div class=\"elementor-element elementor-element-7b3cc68 elementor-widget elementor-widget-image\" data-id=\"7b3cc68\" data-element_type=\"widget\" data-widget_type=\"image.default\">\n\t\t\t\t<div class=\"elementor-widget-container\">\n\t\t\t\t\t\t\t\t\t\t\t\t\t\t\t<img loading=\"lazy\" decoding=\"async\" width=\"400\" height=\"400\" src=\"https:\/\/maxwellcremona.com\/wp-content\/uploads\/2022\/11\/logowebMW.jpg\" class=\"attachment-full size-full wp-image-2406\" alt=\"asesores eficiencia\" srcset=\"https:\/\/maxwellcremona.com\/wp-content\/uploads\/2022\/11\/logowebMW.jpg 400w, https:\/\/maxwellcremona.com\/wp-content\/uploads\/2022\/11\/logowebMW-300x300.jpg 300w, https:\/\/maxwellcremona.com\/wp-content\/uploads\/2022\/11\/logowebMW-150x150.jpg 150w\" sizes=\"auto, (max-width: 400px) 100vw, 400px\" \/>\t\t\t\t\t\t\t\t\t\t\t\t\t\t\t<\/div>\n\t\t\t\t<\/div>\n\t\t\t\t<div class=\"elementor-element elementor-element-3ab2cef elementor-widget elementor-widget-text-editor\" data-id=\"3ab2cef\" data-element_type=\"widget\" data-widget_type=\"text-editor.default\">\n\t\t\t\t<div class=\"elementor-widget-container\">\n\t\t\t\t\t\t\t<div dir=\"ltr\"><strong>Farmacia, Insumos M\u00e9dicos y Producto Sanitario<\/strong>: Desarrollo de planes para sector farmac\u00e9utico, normas y regulaciones, as\u00ed como comercializaci\u00f3n y asesoramiento t\u00e9cnico de productos e insumos.<\/div><div dir=\"ltr\">\u00a0<\/div><div dir=\"ltr\"><strong>Aplicaciones Inform\u00e1ticas para la Salud:<\/strong> Comercializaci\u00f3n de sistemas y aplicaciones de telefarmacia, software de gesti\u00f3n de historia cl\u00ednica, para la seguridad y salud laboral, control de infraestructuras, etc.<\/div><div dir=\"ltr\">\u00a0<\/div><div dir=\"ltr\"><strong>Infraestructuras Sanitarias:<\/strong> Comercializaci\u00f3n y asesoramiento t\u00e9cnico de dispositivos de electromedicina y equipamiento sanitario<\/div>\t\t\t\t\t\t<\/div>\n\t\t\t\t<\/div>\n\t\t\t\t\t<\/div>\n\t\t<\/div>\n\t\t\t\t\t\t\t<\/div>\n\t\t<\/section>\n\t\t\t\t\t\t\t<\/div>\n\t\t","protected":false},"excerpt":{"rendered":"<p>Estrategia Sanitaria: Consultor\u00eda estrat\u00e9gica sanitaria tanto en el \u00e1mbito privado como p\u00fablico\u00a0Sistemas de Gesti\u00f3n: Consultor\u00eda de sistemas de gesti\u00f3n para organizaciones y administraci\u00f3n p\u00fablica\u00a0Fomento del Medioambiente: Auditor\u00edas de Eficiencia Energ\u00e9tica seg\u00fan el RD 56\/2016, C\u00e1lculo de la huella de carbono\u00a0 e Informes ambientales. Farmacia, Insumos M\u00e9dicos y Producto Sanitario: Desarrollo de planes para sector farmac\u00e9utico,<a class=\"more-link\" href=\"https:\/\/maxwellcremona.com\/\">Seguir leyendo <span class=\"screen-reader-text\">\u00abConsultores sanitarios\u00bb<\/span><\/a><\/p>\n","protected":false},"author":1,"featured_media":0,"parent":0,"menu_order":0,"comment_status":"closed","ping_status":"closed","template":"elementor_header_footer","meta":{"footnotes":""},"class_list":["post-6","page","type-page","status-publish","hentry","entry"],"_links":{"self":[{"href":"https:\/\/maxwellcremona.com\/index.php?rest_route=\/wp\/v2\/pages\/6","targetHints":{"allow":["GET"]}}],"collection":[{"href":"https:\/\/maxwellcremona.com\/index.php?rest_route=\/wp\/v2\/pages"}],"about":[{"href":"https:\/\/maxwellcremona.com\/index.php?rest_route=\/wp\/v2\/types\/page"}],"author":[{"embeddable":true,"href":"https:\/\/maxwellcremona.com\/index.php?rest_route=\/wp\/v2\/users\/1"}],"replies":[{"embeddable":true,"href":"https:\/\/maxwellcremona.com\/index.php?rest_route=%2Fwp%2Fv2%2Fcomments&post=6"}],"version-history":[{"count":9,"href":"https:\/\/maxwellcremona.com\/index.php?rest_route=\/wp\/v2\/pages\/6\/revisions"}],"predecessor-version":[{"id":2409,"href":"https:\/\/maxwellcremona.com\/index.php?rest_route=\/wp\/v2\/pages\/6\/revisions\/2409"}],"wp:attachment":[{"href":"https:\/\/maxwellcremona.com\/index.php?rest_route=%2Fwp%2Fv2%2Fmedia&parent=6"}],"curies":[{"name":"wp","href":"https:\/\/api.w.org\/{rel}","templated":true}]}}